 divisor of y and 85?
17
Let h(l) = -l**3 - 12*l**2 - 11*l. Let g be h(-11). Let w be (1 - g) + 9 + -13. Let r be -3 + (-30)/(3/w). What is the highest common divisor of r and 72?
9
Let o be 0*((-225)/(-330) + 6/(-33)). Let p = 16 - 6. Suppose o*s - p = -s. What is the highest common factor of s and 30?
10
Let p(j) = 10800*j - 369. Let k be p(1). Calculate the highest common divisor of k and 27.
9
Let o(m) = m**2 - 394 + 0*m**2 + 398. Let i be o(0). Let s be (-2370)/(-27) + 1*i/18. Calculate the highest common divisor of s and 11.
11
Let x be -8 + 1 + -1 + 8 + 188. Calculate the greatest common factor of 6768 and x.
188
Suppose -128*s = -133*s + o + 162, s - 3*o - 52 = 0. What is the greatest common divisor of s and 10?
1
Let u = -432 - -732. Suppose -6*x + u = -x. Let z(w) = 43*w - 132. Let m be z(4). What is the highest common divisor of m and x?
20
Suppose -8*q + 72 = -0*q. Let b be (-1)/((-2)/(10 - 0)). Suppose 0 = -3*t + b*j + 253, 4*j - j - 156 = -2*t. What is the highest common factor of q and t?
9
Let y = 349 - 351. Let r be (-5 - -7)*(55 - y). What is the highest common divisor of r and 12?
6
Suppose 2*r = -40*x + 36*x + 974, 4*r - 1984 = x. Calculate the greatest common factor of r and 135.
45
Suppose 0 = -11*m + 8*m + 51. Let l(w) = -w**3 + 17*w**2 + 6*w - 27. Let x be l(m). Calculate the greatest common divisor of 3 and x.
3
Let y be 2/6*(16/(-4) - 2). Let q be ((-5 - -4)*3)/(-5 - y). Calculate the highest common factor of q and 5.
1
Let x be (1/4 - 20760/(-32))*(-33 + 40). Calculate the highest common factor of 295 and x.
59
Let t = -1588 + 2560. Calculate the highest common factor of t and 12.
12
Suppose 0 = -d + 4*a + 184, -39*d + 38*d + 135 = 3*a. What is the greatest common factor of 2886 and d?
78
Let u be (-78)/(-18) - -2 - 2/6. Let y(w) = w**3 - 4*w**2 - 40. Let q be y(u). Calculate the greatest common factor of q and 4.
4
Suppose 3*i + 231 = 4*i. Suppose 0*c - 4*y - 165 = -c, 477 = 3*c - 3*y. Let q = c - 124. Calculate the highest common divisor of i and q.
33
Suppose -4*s + 764 = 5*w - 186, -3*s - 3*w + 711 = 0. Let x = s + -233. Calculate the greatest common factor of x and 2.
2
Let v(n) = -3*n**2 + 157*n - 88. Let k be v(51). What is the highest common divisor of 1102 and k?
58
Let v be (-44)/(-10)*(34 + 1). Let h(w) = -165*w**2 + 2*w + 2. Let p be h(2). Let y = 668 + p. What is the greatest common divisor of v and y?
14
Suppose -7*o = -2*o - 200. Let n be 3454/14 - (-6 + o/7). What is the highest common divisor of 13 and n?
13
Let s = -37435 + 37587. Calculate the highest common divisor of 29716 and s.
76
Let d be ((-628)/8)/(3/(-699)) + 1/2. Calculate the highest common divisor of 201 and d.
201
Suppose 2968*n - 415 + 6070 = 2983*n. Calculate the highest common divisor of 203 and n.
29
Suppose 0 = -h + 13 - 11. Let n(v) = -68*v + 81*v + 3 + 1 + h. Let s be n(2). What is the highest common factor of s and 160?
32
Let a be 3 - (12/(-7) - (-2)/(-7)). Suppose d + a*y = 4*d + 223, -5*d - 349 = 3*y. Let u = -62 - d. Calculate the highest common divisor of u and 6.
3
Let i(k) = -410 + k**2 + 466 + 0*k**2 - 18*k. Let u be i(21). What is the greatest common divisor of u and 17?
17
Let j be 6/((-72)/6)*-36. Suppose -34*z + j*z = -1360. Suppose -4*l - l = -85. Calculate the greatest common divisor of l and z.
17
Suppose -6*k = 9*k + 6675. Let l = k + 629. Calculate the greatest common factor of l and 23.
23
Let u(b) = -b**3 + 15*b**2 + 57*b + 21. Let i be u(14). Calculate the highest common divisor of i and 49.
7
Let f(p) = 166*p + 3750. Let m be f(-21). What is the highest common divisor of 432 and m?
24
Let h be (-2)/16 - 1096/(-64) - -4. Suppose 0 = -3*g + 3*f + 3, 5*f - 10 = -3*g + f. Let m = 61 + g. What is the highest common factor of m and h?
21
Let l(i) = i**2 - 4*i + 1. Let u be l(4). Let x be 13040/4564*((-9)/2 - -1). Let t be x*(-5 - (-3 - u)). What is the greatest common divisor of t and 4?
2
Let z = 195 - 105. Let s(j) = -j**3 + 7*j**2 + 10*j - 16. Let d be s(8). Suppose -4*q - 57 + 177 = d. What is the greatest common factor of z and q?
30
Suppose -o + 24 = -91. Let p = -24119 - -24188. Calculate the highest common divisor of o and p.
23
Let c be (195/12)/(531/(-72) - -8). Calculate the highest common divisor of c and 2834.
26
Suppose 5*r = 20, -2*g + 4*r + 376 = 384. What is the greatest common divisor of g and 404?
4
Let g(m) = -m**3 - 3*m**2 + m + 3. Let l be g(-6). Let d = 2367 - 2346. What is the greatest common factor of d and l?
21
Let m be (-3)/(-18) - (-8)/(-48)*-6995. What is the highest common factor of m and 33?
11
Suppose 2*j - 25 = -19 - 32, -2*f - 2*j + 4 = 0. Suppose 70 = 5*s - 0*s. Let m be (-45)/2*s/(-3). Calculate the highest common divisor of f and m.
15
Suppose -2*m = 3*g - 5*g - 2, 5*m - 5 = 0. Suppose 12*q - 35*q + 1242 = g. What is the highest common factor of q and 90?
18
Suppose -f = -5*a + 9, 5*f + 5*a = -14 + 119. What is the highest common factor of f and 248?
8
Suppose 0 = h, 6*h - 1800 = 4*n + h. Let x be ((-32)/(-6))/((-12)/n). What is the greatest common factor of 80 and x?
40
Suppose -3*d + 443 = 4*b, 0 = -2*b - 242*d + 238*d + 204. Calculate the greatest common divisor of b and 108.
4
Suppose 49 = -s - 2*i, 8*s - 3*i + 180 = 3*s. Let u be ((-186)/(-8))/(s/(-104)). Calculate the highest common divisor of u and 2.
2
Suppose 11*x + 39 = -27. Let s be 1/(-6) - (16387/(-42) - x). What is the highest common factor of 24 and s?
24
Let k be (-42924)/(-1596) + (-4)/(-38). What is the greatest common factor of k and 4?
1
Suppose -10 = -11*h + 9*h. Suppose 5*z + 25 = 0, 4*o - 2887 = o + h*z. What is the greatest common factor of 106 and o?
106
Suppose 718 = 3*j - j + 4*k, 0 = 4*j - 4*k - 1388. Let h be ((-19)/4 + 4)/(36/(-2592)). Calculate the greatest common factor of h and j.
27
Suppose -5*m + 6 = -2*m + 4*a, -a = 4*m - 8. Suppose -m*z - 2*z = -604. Let x = -127 + z. Calculate the greatest common factor of 120 and x.
24
Let s = 73 + -52. Let a(h) = -31*h**2 - 264*h - 122. Let g be a(-8). What is the greatest common divisor of g and s?
3
Suppose -131 = -26*k + 103. Suppose -4*d + 5*h = -3*d - 25, -d + k = 3*h. Let z = 111 - 36. Calculate the greatest common divisor of z and d.
15
Let x = -7913 - -14063. Calculate the greatest common divisor of 246 and x.
246
Let h = -39 - -87. Let u be (28 + -30)*3/(-4)*2. What is the greatest common divisor of u and h?
3
Let v = 6728 - 6351. Calculate the greatest common factor of 2697 and v.
29
Suppose -22208 - 19672 = -349*b. Calculate the greatest common factor of 960 and b.
120
Suppose 0*a - 17*a = -544. Suppose 4*l - 64 = 5*d, l - 3*l - 2*d = -a. Calculate the highest common divisor of 8 and l.
8
Let w = 294 + -168. Let v = 540 + -306. Suppose -17*f - v = -30*f. Calculate the greatest common factor of w and f.
18
Let t(h) = 25*h**2 - 187*h + 748. Let f be t(4). What is the greatest common factor of 25 and f?
25
Let c be (5 - 2) + 2*-1. Let j(t) = 62*t + 1. Let o be j(c). Let p be (-8)/(-6)*405/60*1. What is the highest common divisor of o and p?
9
Suppose 16*y = 18*y - 152. Let q = 80 - y. Let w(o) = o + 4. Let k be w(12). Calculate the highest common factor of k and q.
4
Let w = 181 - 146. Let i(p) = -9*p - 13. Let t be i(-3). Calculate the highest common divisor of t and w.
7
Let d = -648 - -1068. Let t = -306 - -326. Calculate the greatest common factor of d and t.
20
Suppose -12*p = 964 - 88. Let f = 87 + p. What is the highest common divisor of f and 28?
14
Suppose q + 4 = 2*q. Let f be q/6 - 0 - 20/(-6). Let k be 99 - (-4 - (-12)/f). Calculate the greatest common factor of k and 20.
20
Suppose 5*f + 3*i + i - 168 = 0, -159 = -4*f + 5*i. Let o be (-702)/(-12) + 3/(-6). Let n = o + -4. Calculate the highest common divisor of f and n.
18
Let i(z) = -149*z + 753. Let t be i(5). What is the greatest common divisor of t and 116?
4
Let i = 29 + 129. Suppose -46*b = -i - 210. Calculate the highest common factor of 100 and b.
4
Let i(x) = x**3 + 7*x**2 + 5*x - 1. Let m(c) = c**2 - c - 3. Let a be m(8). Let u = a - 57. Let d be i(u). What is the greatest common factor of d and 54?
27
Let k(t) = 494*t**3 + 2*t**2 - 5*t + 3. Let v be k(1). Suppose -v + 130 = -13*j. What is the highest common divisor of 4 and j?
4
Let p be 631 - (-1 - (-9)/1). Suppose 4